 w and b?
10
Suppose 58*u = 66*u - 96. What is the greatest common factor of 1068 and u?
12
Let t be (-4)/(-22) - (-48480)/2222. Let z be 3*(-4)/6 + 200. Calculate the greatest common factor of t and z.
22
Let k = 1699 - 1657. What is the highest common factor of k and 1218?
42
Suppose -38 = -6*z + 298. Suppose -u - 52 = -3*g - 2, -5*g - 2*u = -98. Let p be (168/g)/(4/6). What is the highest common divisor of z and p?
14
Suppose 2*x + 26 = c - 2*x, -55 = -5*c + 5*x. Let q = -10 + 10. Let p be q + 0 + 41 - -1. What is the highest common factor of p and c?
6
Suppose 48 = c + c. Let y be (-6)/4*960/(-270)*18/6. Calculate the greatest common divisor of c and y.
8
Let c = 13 - 13. Suppose 4*o - 2*m - 144 = 0, -2*m + 108 = 3*o - c*m. Calculate the greatest common divisor of o and 12.
12
Let p be (-3 + 2)/(57/(-3534)). Calculate the greatest common factor of 124 and p.
62
Suppose 53*s - 58*s = -50. Calculate the highest common divisor of s and 1190.
10
Let t be -2 - -28 - 42/6. Let j(w) = w**2 + 9*w + 7. Let i be j(-6). Let s = i + t. Calculate the greatest common factor of s and 72.
8
Let a = 5 + 0. Suppose 106 = 5*k - 2*y - 178, -282 = -a*k + y. What is the greatest common divisor of 8 and k?
8
Let a(y) = -18*y + 81. Let d be a(0). What is the greatest common factor of d and 9?
9
Let h(q) = -q**3 + 9*q**2 + 10*q - 28. Let m be h(-7). Calculate the greatest common factor of m and 14.
14
Let q(l) = 20*l - 6. Let s be q(2). Suppose 2*r - 2*p - 2*p + 4 = 0, 5*p - 26 = -r. Let n = r + 79. Calculate the highest common factor of n and s.
17
Let n = 5 + -1. Let d be (-8)/(-11 - 2115/(-195)). Calculate the greatest common factor of n and d.
4
Let s(v) = v**2 + 3*v - 15. Let d be s(-6). What is the highest common factor of 13 and d?
1
Let c be (286/(-55))/(3/(-15)). What is the greatest common factor of c and 104?
26
Let n be (-3)/((-3)/27*-3). Let f = 9 + n. Suppose f = -2*q + 5*d + 48, 3*q - 118 = -d - 3*d. Calculate the highest common divisor of 51 and q.
17
Let z = -137 - -232. What is the greatest common divisor of z and 57?
19
Let l(p) = -16*p + 6*p - 2 + 4. Let f be l(-3). Calculate the highest common divisor of 80 and f.
16
Let o(a) = -a**2 + 69*a - 477. Let w be o(58). What is the greatest common divisor of 207 and w?
23
Let v(j) = -7*j**3 - 3*j**2 + 3*j + 3. Let r be v(-3). Suppose -4*u + r + 108 = 0. Let z be 12/u - (-152)/11. Calculate the highest common factor of 21 and z.
7
Suppose -84 - 96 = 10*j. Let c be (-3)/27 - 182/j. What is the highest common divisor of c and 20?
10
Let y = -116 - -135. What is the highest common factor of y and 95?
19
Let v be 490 + (-8 - -5)*(-12)/(-9). What is the highest common factor of v and 18?
18
Let x(v) = -v**3 + 20*v**2 - 19*v - 4. Let b be x(19). Let n be (b/(-6))/(5 - 4291/861). What is the greatest common divisor of 41 and n?
41
Let n = 168 - 98. Let z = 108 - n. What is the greatest common divisor of z and 57?
19
Suppose 4*i - 24 = 3*i. Suppose 2*g + 0*u = -4*u + 6, 5*u - 9 = -3*g. Suppose i = -0*q + g*q. What is the highest common divisor of q and 88?
8
Suppose 3*a = 5*f - 36 - 32, f + 3*a = 10. Let x(h) = -6*h + 3. Let b be x(-6). What is the highest common factor of f and b?
13
Suppose 18*l = 19*l - 32. Let h be (-6)/27 + (-76)/(-18). Calculate the highest common divisor of l and h.
4
Suppose 2*g - 21 = -g. Let p be (3 - 2)*g + 2. Let k be (-16)/408 + (-53)/(-51). Calculate the highest common divisor of k and p.
1
Let c = -36 + 32. Let u = c - -6. Suppose -q = u*q - 81. What is the highest common factor of 54 and q?
27
Let f = 5 - -8. Let b be 24/(-756) - (-130)/126. Calculate the greatest common divisor of f and b.
1
Let g = -1968 - -1982. Suppose -5*l - 67 + 417 = 0. What is the greatest common factor of l and g?
14
Let w be 1 - 0 - (0 + -1 - -2). Suppose 0 = -d - d + 4*a + 24, a + 2 = w. What is the greatest common divisor of 6 and d?
2
Let f be (-150)/12*(32/(-10) - -2). What is the highest common divisor of 80 and f?
5
Suppose 0*d + 330 = 2*p - 2*d, -4*p - 4*d = -700. What is the greatest common factor of p and 34?
34
Suppose -20*o = -37 - 363. Suppose f = 19 + 11. Calculate the highest common factor of f and o.
10
Suppose 5*p = 13*r - 8*r + 160, 26 = p + 2*r. What is the highest common factor of p and 190?
10
Let t = -1694 + 1702. Let n(b) = 9*b - 3. Let l be n(3). Suppose -3*s + 2*f = -l, f - 8 = -s - 0. What is the highest common factor of s and t?
8
Suppose -2*l + 0 + 6 = 0. Suppose -l*h - 2*h = -40. Suppose 6*a = 2*a + 352. What is the greatest common factor of a and h?
8
Let p(y) = -7*y - 6. Suppose 3*d + 11 = -0*d + l, -20 = 4*d - 4*l. Let k be p(d). What is the highest common factor of 165 and k?
15
Let u = -19 - -28. Suppose -f = 2*o - u - 10, 0 = 3*o + f - 27. Suppose -3*k + 20 = 4*r, 0*r = 3*k - 2*r - 8. Calculate the highest common divisor of o and k.
4
Let j = 480 + -430. What is the greatest common divisor of 160 and j?
10
Let f(u) = 2*u**3 - 5*u**2 - 8*u - 14. Let q be f(6). Let v = q + 26. Calculate the highest common divisor of 24 and v.
24
Let o(h) = -h**3 - 3*h**2 + h - 9. Let s be o(-4). Suppose -5*r - 3*i = -281, -s*r + 3*i = -116 - 43. What is the greatest common factor of 11 and r?
11
Let w = 146 - 72. What is the highest common factor of 185 and w?
37
Suppose o = -r + 121, -o + r + 9 = -104. Let m be 13*1 - 24/6. Calculate the highest common factor of o and m.
9
Let m(w) = -65*w - 9. Let p be m(-1). What is the greatest common divisor of 32 and p?
8
Let d(w) = 1 - 5*w - 1 + 19*w - 1. Let j be d(2). Calculate the highest common factor of j and 3.
3
Let r(p) = p**2 + 22*p + 13. Let a be r(-22). Let v(n) = 16*n**2 - 2*n - 3. Let m be v(-2). Calculate the greatest common factor of m and a.
13
Suppose 4*y = 16, -u - 2*u = -3*y. Suppose 178 = u*x - 3*g, -x + g + 90 = x. What is the greatest common divisor of 115 and x?
23
Let t be -2*(-3)/4 + 1025/10. Calculate the greatest common factor of t and 91.
13
Let l = -6 - -10. Suppose 0*c = -2*c + l*z + 4, -c - 2*z + 6 = 0. Let k = -2 - -3. What is the greatest common divisor of k and c?
1
Suppose -9990 = -25*x - 12*x. What is the greatest common divisor of 90 and x?
90
Suppose -x = 4*x - 35. Suppose 20 = -5*d, -3*s = -2*d - 10 - x. Calculate the highest common factor of s and 15.
3
Let g be 2/19 + (-201740)/(-1463). Calculate the greatest common divisor of g and 230.
46
Let u(g) = 4 + 11*g + 2 + g**2 + 3. Let i be u(-11). Let d(o) = o + 1. Let j be d(2). What is the greatest common factor of i and j?
3
Suppose -21*g = -546 - 189. Calculate the highest common factor of g and 1.
1
Let p be (10/3 + -2)/((-16)/(-108)). Let n(s) = 2*s**2. Let q be n(3). What is the greatest common divisor of q and p?
9
Suppose -s = -4, u - 5*s = -4*s + 30. Calculate the greatest common divisor of 459 and u.
17
Let v = 29 - 14. Let z(f) = 4*f**3 + 4*f**2 - 6*f + 9. Let h be z(3). What is the highest common factor of v and h?
15
Let a = 128 + -108. Let c be (a/(-25))/(-4) - (-3298)/10. Calculate the highest common factor of c and 30.
30
Suppose -11*j + 12*j = 56. Suppose 2*u - 4*g - 30 = 6, -j = -2*u - g. Calculate the highest common divisor of u and 130.
26
Let z(t) = t**3 - 4*t**2 + 3*t + 2. Let h(j) = j. Let s(g) = 6*h(g) - z(g). Let i be s(3). Calculate the greatest common divisor of 256 and i.
16
Suppose 5*p - 92 = -3*l + 27, 3*l - 5*p - 79 = 0. Calculate the greatest common factor of 759 and l.
33
Suppose -2*o = 2*r - 28 - 8, -6*r = o - 133. Suppose 4*g - 374 = 2*d, g + d = 6*d + 107. What is the highest common factor of r and g?
23
Let h be (5 + -4)*23 + 0. Suppose 5*g - 15 = -5*s + 20, 3*g + s = h. Calculate the greatest common divisor of g and 56.
8
Let x = -354 - -241. Let j = -101 - x. Suppose 209 = 2*p + 17. What is the greatest common divisor of j and p?
12
Suppose 124 = -2*h - 0*h. Let q = h - -137. Suppose q = 5*b + 3*o, -3*b = 2*o - 40 - 4. Calculate the greatest common factor of 36 and b.
18
Let q = -6 - -12. Let v = 950 - 942. Calculate the highest common divisor of v and q.
2
Let f(w) = -13*w. Let a be f(-2). Let v be 9/(-7) + 18/63. Let p be ((5 + -2)/v)/((-14)/182). What is the highest common factor of a and p?
13
Suppose p - 4*i - 267 = i, 5*p = -4*i + 1335. Calculate the greatest common divisor of p and 3.
3
Suppose -43*k + 2*k + 